nder when (-6)/(-9) + 26/6 is divided by c?
1
Suppose -2*u = -3*n - 18 - 22, -4*u = 3*n - 116. Suppose -20 = -5*g + 25. What is the remainder when u is divided by g?
8
Let g(r) = r**3 - 12*r**2 + r - 4. Calculate the remainder when 31 is divided by g(12).
7
Let x be 0/1 + 57 + -1. Suppose -4*v = -8, x = 3*l + 3*v - 1. What is the remainder when l is divided by 5?
2
Calculate the remainder when 22 is divided by -3*(-2)/9*9.
4
Let z(d) = 3*d**2 + d. Let s be z(-1). Let k be (-3)/s*2 + 7. Suppose -k*l - l = -45. What is the remainder when 17 is divided by l?
8
Suppose -3*k + 25 = -23. Calculate the remainder when k is divided by 9.
7
Let t be (-5)/(5/(-3)) + 2. Suppose 4*f = -5*a + 55, -a + t*a + 5*f = 53. What is the remainder when 11 is divided by a?
4
Let i(q) = -q**3 + 9*q**2 - 4. Let k be i(9). Let p(a) = -2*a**3 - 6*a**2 - 3*a - 1. Calculate the remainder when p(k) is divided by 23.
20
Calculate the remainder when (-1)/((-3)/72*1) is divided by (3 + -5)*13/(-2).
11
Let y(j) = 7*j + 4. Calculate the remainder when y(4) is divided by 12.
8
Suppose 2*k = -x + 29, -3*x - 3*k - k + 89 = 0. Calculate the remainder when x is divided by 16.
15
Let s = -5 + 5. Let o be 4/8 - 10/(-4). Suppose s = o*h - 8 - 13. What is the remainder when 19 is divided by h?
5
Suppose 3*i = 9, -2*b + 15 = -5*i + 2*i. What is the remainder when b is divided by 3?
0
Suppose 4*t - 2*u - 54 + 0 = 0, 3*t + u - 43 = 0. What is the remainder when 26 is divided by t?
12
Suppose 3*u + 2 = 11. Suppose -l + 89 = u*g + 2*g, -59 = -3*g - 2*l. Calculate the remainder when g is divided by 5.
2
What is the remainder when 50 is divided by 1599/(-82)*4/(-6)?
11
Let i = 15 + -12. Let v(h) = -h**2 + 8*h - 5. Let a(m) = -m**2 + 9*m - 6. Let k(d) = -4*a(d) + 5*v(d). Calculate the remainder when k(i) is divided by 1.
0
Calculate the remainder when (784/6)/4 + 3/9 is divided by 12.
9
Suppose z - 3*n - 9 = -4*n, 2*n - 5 = -z. What is the remainder when 23 is divided by z?
10
Let s be 12/9*(-3)/(-2). Suppose -s*u + 108 = -0*u. What is the remainder when u is divided by 14?
12
Suppose -3*z + 5 = 2. Let h = 18 - z. What is the remainder when h is divided by 5?
2
Suppose c - 160 = 3*h, 4*h + 0*c = -5*c - 245. Calculate the remainder when 21 is divided by 10/h + 68/11.
3
Calculate the remainder when 24 is divided by 305/25 - 12/(-15).
11
Let z(f) = -3*f**3 - 3*f**2 - f - 1. Suppose -3*o + 6 = 0, -3*a + 0*o - 3*o + 33 = 0. Calculate the remainder when (-8)/(-6)*a*2 is divided by z(-2).
11
Let x(s) = -s**2 - 5*s - 3. Let q(o) = -7 + 12 - 4*o + 2*o**2 - 3*o**2. What is the remainder when q(-4) is divided by x(-2)?
2
Suppose -3*t + 58 = -t. Suppose 2*f - 13 = -3. Suppose -f*i + 47 = -3. What is the remainder when t is divided by i?
9
Suppose 30 = 2*d + d. Let m(c) = c + 27. What is the remainder when m(0) is divided by d?
7
Suppose 5 = 2*t + 3. Calculate the remainder when 2 is divided by t.
0
Suppose 0 = -5*j + 29 - 9. Suppose j*h - 152 = 3*q - 49, -q = -h + 25. What is the remainder when h is divided by 10?
8
Let n = -19 + 11. Let a = -7 - n. Let s = 2 - 1. What is the remainder when s is divided by a?
0
Suppose 6*t - 24 = 3*t. What is the remainder when t is divided by 6?
2
Let h be 22/99 - (-806)/18. Suppose 2*y - y + 45 = 4*v, 3*v - 3*y = h. Suppose 3 = -3*g + 4*g. Calculate the remainder when v is divided by g.
1
Let s(b) = -b**2 - 12*b - 11. Calculate the remainder when s(-4) is divided by 8.
5
Let f be (-45)/(-12)*(-8)/(-2). Let t = -8 + f. Let a(u) = -u**3 + 4*u**2 + 2*u - 5. What is the remainder when t is divided by a(4)?
1
Let w be (-6)/5*(-25)/10. Suppose w*v + 52 = 5*h, h + 3*h = -v + 28. Calculate the remainder when (-1)/(-4) - (-398)/h is divided by 17.
16
Suppose 2*m + b = 293, 4*m - m - 437 = -4*b. What is the remainder when m is divided by 37?
36
Let t = 101 + -66. Calculate the remainder when 66 is divided by t.
31
Let w = 63 + -42. What is the remainder when 166 is divided by w?
19
Let i be 0 - 0/(-2 + 1). Suppose x - 4 = -i*x. Let m = -3 + 5. Calculate the remainder when x is divided by m.
0
Let f = -96 + 110. Calculate the remainder when 32 is divided by f.
4
Suppose -5*m + 17 = -4*m. Let z(p) = -p**2 - 8*p - 3. Let c = 14 + -20. Calculate the remainder when m is divided by z(c).
8
Suppose 4*j - 5 = i, 0 = -2*j - 3*j + 5*i - 5. What is the remainder when (-8)/(-2)*(-98)/(-56) is divided by j?
1
Suppose n = -5*v - 12, 0 = 5*n + 4*v - v - 6. Calculate the remainder when ((-88)/(-16))/(4 - 35/10) is divided by n.
2
What is the remainder when 74/(-1)*(-3)/6 is divided by 20?
17
Let v be (15/(-20))/(2/(-8)). Suppose v*x + 12 = 4*x. What is the remainder when x is divided by 5?
2
Let i(g) = g**2 + 8*g - 11. Let h(k) = -2*k - 2. Let q be h(-6). Suppose q = -3*d + 88. Calculate the remainder when d is divided by i(-10).
8
Let y(z) = -2*z - 2*z - 3 + 3*z. Let m be y(-5). Suppose 6*o - m*o - 100 = 0. Calculate the remainder when o is divided by 9.
7
Suppose 2*n - 2*g - 54 = 0, -n - n + 3*g = -55. Calculate the remainder when 103 is divided by n.
25
Suppose -7*j = -2*j - 25. Suppose -8*g + 15 = -j*g. What is the remainder when 8 is divided by g?
3
Let b(c) = 3*c - 2. Let s = 831 - 826. What is the remainder when b(5) is divided by s?
3
Suppose -4*l + 30 = 4*f - 2*l, 0 = f + 4*l - 18. Let r(s) = s**3 - 3*s**2 + 2*s - 2. Calculate the remainder when r(4) is divided by f.
4
What is the remainder when 30 is divided by (-3)/(0 - 3)*11?
8
Let n(r) = r**3 - 4*r**2 + r + 4. Let h be n(4). Let o = 10 - h. Calculate the remainder when 5 is divided by o.
1
What is the remainder when 73 is divided by 3*28/12*1?
3
Let p be 4 + 1 - (-7 - -5). Let b(f) = -f**2 + 8*f + 6. Calculate the remainder when 25 is divided by b(p).
12
Suppose -r = 4 - 23. What is the remainder when r is divided by 11?
8
Let p(k) = k**3 - k**2 + 1. Let r(h) = h**3 + 4*h**2 - 6*h - 3. Let a be r(-5). Calculate the remainder when p(a) is divided by 2.
1
Let s(o) = 7*o**2 - 4*o - 6. What is the remainder when s(-4) is divided by 9?
5
Suppose 52 = 4*i - 8. Calculate the remainder when i is divided by 2/(2 + (-12)/8).
3
Let s(p) be the third derivative of -p**5/60 + 5*p**4/24 - 4*p**2. Let i be s(4). Let d = i - 1. What is the remainder when 8 is divided by d?
2
Let n(g) = -g + 9. Let f be n(12). What is the remainder when 11 is divided by 2*(-7)/(-2) + f?
3
Let l(k) = -k**2 - 5*k + 2. Let n be l(-5). Suppose -5*w - 141 = -2*r, -n*w - 291 = -4*r - w. Let h = r - 30. Calculate the remainder when h is divided by 15.
13
Suppose -4*j - j = 10. Calculate the remainder when -2 - -1*(13 - 2) is divided by (6 - (1 + -2)) + j.
4
Let o(f) = -11*f - 3. What is the remainder when o(-2) is divided by (3/(-9))/(2/(-42))?
5
Suppose -3*p - 2*c - 8 = p, -3*c = 6. Let s be (0 - (-3)/p) + 3. Suppose 0 = -s*x - 2*x + 28. What is the remainder when x is divided by 4?
2
Calculate the remainder when 0 - (-1)/1*77 is divided by (12/18 + (-24)/9)*-8.
13
Let i(k) = k**2 + 6*k + 9. Let n = -7 + 20. Calculate the remainder when i(-9) is divided by n.
10
Suppose 2*a - a = 5*q + 16, 2*q = 3*a - 113. Let u = a - 13. Let p = -1 - -11. What is the remainder when u is divided by p?
8
Suppose 4*n - 116 = -4*u, -n + 29 = -0*u + 3*u. What is the remainder when 82 is divided by n?
24
Let c = 2510 - 842. Calculate the remainder when c/26 + 4/(-26) is divided by 22.
20
Suppose 2*v - 2*t - 268 = -2*v, 4*v - 5*t = 262. Calculate the remainder when v is divided by 37.
31
Let s(u) = u**2 + 4*u - 9. Let f(p) = -12*p + 3 - 6 + 1. Calculate the remainder when f(-3) is divided by s(3).
10
Suppose 0 = 5*n - 0*n + 395. Let z = 0 - n. Let t = -50 + z. Calculate the remainder when t is divided by 10.
9
Let y = 4 - 3. Let x = y + 3. Suppose 179 = 5*b + x. Calculate the remainder when b is divided by 12.
11
Suppose 4*r = -4*k + 20, -4*r + 4 = -3*k - 2. Suppose s - 15 = 6*s. Calculate the remainder when 62/r + 2/s is divided by 7.
6
Suppose 2*j - 5 = -21. Let k = j + 18. Calculate the remainder when k is divided by 4.
2
Suppose -7*n + 12*n - 120 = 0. Suppose 5*f + 5*h - 15 = 0, -5*f + n = h - 11. Calculate the remainder when 38 is divided by f.
6
Let c = 35 - 20. Let z = 23 - -21. Calculate the remainder when z is divided by c.
14
Suppose f = -9*f + 200. What is the remainder when 52 is